 = -l*j + j. Calculate the remainder when 77 is divided by j.
25
Let h(x) = 13*x. Suppose -2*u = f - 17, 4*f - 4*u = -9*u + 83. What is the remainder when h(4) is divided by f?
25
Let a(d) = d**3 + 8*d**2 + 5*d + 4. Let c(h) = -6*h**3 - 3*h**2 + 2. Let p be c(1). Suppose 2*b - 5*b = -156. What is the remainder when b is divided by a(p)?
16
Let i(t) = -t + 70. Calculate the remainder when 185 is divided by i(8).
61
Let o be ((-6)/(-4))/((-12)/(-8)). Let n(x) = 34*x**2 - x. What is the remainder when 2*(1 - 7/((-7)/48)) is divided by n(o)?
32
Let o(z) = -3*z**3 - 10*z**2 - 5*z - 18. Calculate the remainder when o(-4) is divided by 27.
7
Suppose q + q = 22. What is the remainder when (-3 - 35/(-11)) + 984/33 is divided by q?
8
Let a(y) = -7*y + 157. Calculate the remainder when 113 is divided by a(17).
37
Calculate the remainder when 2140 is divided by ((-4)/(-5))/(94/15745).
130
Suppose 0 = -4*m - 3*r - 49 - 27, -2*m - 38 = 5*r. Let w = m - -39. Suppose 52 + w = 3*k. Calculate the remainder when 69 is divided by k.
21
Suppose m - 3*f + f + 7 = 0, 0 = 3*m - 5*f + 16. Suppose 11*q - 8*q - m*d = 414, -4*d = -4. What is the remainder when q is divided by 48?
43
Let o(u) = -u**2 - 2*u + 3. Let n be (0 - -3)/((-24)/16). Calculate the remainder when 26 is divided by o(n).
2
Suppose 0 = -s - v + 7 - 27, 2*s - 5*v = -5. What is the remainder when 3/(s/(-2)) - 652/(-20) is divided by 18?
15
Let z = 64 - 34. Suppose z*d - 26*d - 12 = 0. Let s(y) = 6*y**2 + 2*y - 1. Calculate the remainder when s(1) is divided by d.
1
Let z(k) be the first derivative of -k**2/2 - 13*k + 29. What is the remainder when 41 is divided by z(-23)?
1
Let l(x) = x**3 - 14*x**2 - 16*x. Let s be l(15). Let n(m) = m**2 + 18*m + 66. What is the remainder when 72 is divided by n(s)?
9
Let u = 18 + -63. What is the remainder when 51 is divided by ((-54)/u)/(4/(-90)*-3)?
6
Let t = 1025 - 708. Calculate the remainder when t is divided by 20.
17
Let y(r) be the third derivative of r**5/60 + r**4/8 + r**3/3 + 4*r**2. Let d be y(-3). Suppose i - 23 - d = 0. Calculate the remainder when i is divided by 7.
4
Let z(n) = n**2 + 4*n - 3. Let p be z(-6). Let b = 91 - 87. Suppose b*l = p*l - 180. Calculate the remainder when l is divided by 13.
10
Suppose 6*d + 2014 - 2062 = 0. Calculate the remainder when 25 is divided by d.
1
Suppose 395*g - 228 = 389*g. Calculate the remainder when 73 is divided by g.
35
Let l(v) = -v**2 - v. Let x be l(2). Suppose 0 = 3*g + 20 - 74. What is the remainder when x/4*560/(-12) is divided by g?
16
Let l(z) = z**3 + 6*z**2 - 2*z - 5. Let g(x) = -x**2 - 13*x - 4. Let v be -1*2*(-182)/(-28). Let a be g(v). Calculate the remainder when l(a) is divided by 9.
8
What is the remainder when 39 is divided by -2*5/((-10)/16) - 2?
11
Let i = 494 - 491. What is the remainder when 63 is divided by i?
0
Let z(p) = -3*p**2 + 2*p + 7. Let f be z(-4). Let c = 78 + f. What is the remainder when c is divided by 17?
12
Let a(w) = -w**3 - 61*w**2 + 61*w - 12. Let b(s) = -33*s - 1. Let z be b(1). What is the remainder when a(-62) is divided by (-1)/2*z*1?
16
Let t(p) = -p**3 + 7*p**2 + 10*p - 10. Let c be (-1 - -2)*(-8 - -20) + -4. What is the remainder when 16 is divided by t(c)?
4
Let k be 11553/9 + 5/15. Calculate the remainder when 4/(-30) + k/180 is divided by 3.
1
Let f = -2 - -4. Let h = 329 - 318. Calculate the remainder when h is divided by f.
1
Let p(s) = -60*s + 206. Calculate the remainder when 47 is divided by p(3).
21
Let g = -3 - -10. What is the remainder when (2 + (-84)/10)*(-660)/88 is divided by g?
6
Let k(l) = l**2 - 4*l + 8. Let a be k(4). Let g(i) = 8*i + i + 5 - a. What is the remainder when g(8) is divided by 14?
13
Let p(w) = -w**3 - 2*w - 3. Suppose 4*b + 2*x = 50, 38 = -5*b + 4*x + 133. Calculate the remainder when p(-4) is divided by b.
9
Let p(d) = 4*d**2 - 26*d - 67. What is the remainder when 386 is divided by p(-4)?
83
Let t(m) = -3*m + 18. Let a be t(6). Suppose -10 = -5*h - 2*w + 53, 4*w + 4 = a. Let c = -10 + 48. Calculate the remainder when c is divided by h.
12
Calculate the remainder when (-54)/135 - 674/(-10) is divided by 10.
7
Let p = 10 + -3. Suppose -w = -6*w + 195. Calculate the remainder when w is divided by p.
4
Let i = 184 - 127. What is the remainder when i is divided by 21?
15
Calculate the remainder when -1 + (0 - -27) + 124/31 is divided by 13.
4
Let g be -1 - 9/((-27)/12). Suppose -4*c = -g*s + 33, -4*s = -0*s - 4*c - 40. What is the remainder when 11 is divided by s?
4
Suppose -2*a - 6*w = -11*w - 84, 0 = -4*w + 16. What is the remainder when 154 is divided by a?
50
Suppose -5*p - 19 + 49 = 0. What is the remainder when (4284/44)/9 + (-2)/(-11) is divided by p?
5
Let i(n) = -n**2 - 3*n + 15. Let z be i(-7). Calculate the remainder when z/(5 + (-41)/8) is divided by 27.
23
Suppose -l + 106 = 5*d, -51 = -3*d - 2*l + 14. Calculate the remainder when d is divided by 2.
1
Suppose v - 3 = 2. Let w = v + -8. Let t(c) = -25*c + 3. What is the remainder when t(w) is divided by 27?
24
Let u(y) = y**3 - 6*y**2 + 9*y - 8. Let t be u(4). Suppose 2*k - 51 = -5*i, 2*k = -2*k - 2*i + 78. Calculate the remainder when k is divided by t - (10*-1 + 1).
3
Suppose -6*x = -425 - 37. Suppose -5*c + 112 = 5*h - 3*c, -2*c = -2*h + 42. Calculate the remainder when x is divided by h.
11
What is the remainder when 157 is divided by (-1 - 4) + (85 - 5) + 4?
78
Calculate the remainder when 8019/72 + 6 - (-6)/(-16) is divided by 6.
3
Suppose -q - 12 = -2*w, -7*q + 2*q = 10. Suppose -1770 = -w*i + i + 5*c, 2223 = 5*i - c. Suppose -y + i = 4*y. Calculate the remainder when y is divided by 23.
20
Let g(k) = -k**3 - 4*k**2 + 16*k - 2. Let s be g(-7). Suppose -39 = -4*m + s. Calculate the remainder when m is divided by 5.
3
Let j = -77 - -135. Calculate the remainder when j is divided by 3.
1
Let l(i) = i**3 - i**2 + i + 15. Let f be l(0). Calculate the remainder when 112 is divided by (-190)/f*(-4 - -1).
36
Suppose 0 = -4*k, -200 = -0*p - 4*p + 5*k. Calculate the remainder when p is divided by ((-350)/(-20))/(20/16).
8
Suppose -8*l = -12*l + 2*k + 310, k - 391 = -5*l. Calculate the remainder when 2962 is divided by l.
76
Suppose 0*m + 2 = m, -2*m + 9 = a. Suppose 26*f - 25*f - 7 = 0. Suppose f*r - a*r = 108. What is the remainder when r is divided by 19?
16
Suppose 0 = 5*q - 5*j - 63 - 27, -q = j - 10. Calculate the remainder when 14 is divided by q.
0
Suppose -3*v + 2 + 13 = 0. Suppose -v*j = -7*j + 18. Calculate the remainder when j is divided by 4.
1
Let u be 1*0/(3 + 1). Suppose -36 = -2*k - u*k. Calculate the remainder when k is divided by 7.
4
Let q = 291 - 196. What is the remainder when q is divided by 21?
11
Let c(d) = d**2 - 7*d - 3. Let y be c(8). Suppose 0 = 3*x - 15, a - y*x = -0*a - 28. Let f(o) = -6*o - 6. What is the remainder when f(a) is divided by 5?
2
Let i = -4 - -11. Suppose -i*k + 126 = -5*k. Calculate the remainder when 248 is divided by k.
59
Let j = 4 - 1. Suppose -k + 2*m = -10, -12 - 3 = 5*k + 3*m. Suppose k = -i - 10*i + 33. Calculate the remainder when j is divided by i.
0
Let r = -67 - -94. Let b be -3*(2 + (-6 - 0)). Suppose 2*j + r = 3*j + v, -j = -4*v - b. What is the remainder when j is divided by 7?
3
Let b be 2/1 + 9 - 0. Let i = b - 9. Suppose i*l - 4*o = l + 26, -3*o = l + 2. What is the remainder when l is divided by 3?
1
Let u(a) = a**2 + 6*a + 65. Calculate the remainder when u(-5) is divided by 20.
0
Let q(x) = -7*x**2 + 422*x + 44. Calculate the remainder when q(58) is divided by 163.
157
Suppose 4*x - 6 = 10. Suppose x*d - 2*u = d + 160, 116 = 2*d + u. Calculate the remainder when d is divided by 29.
27
Suppose 6*p - 29 = 121. Suppose 7*i - 79 = -4*d + 2*i, 0 = -d + 4*i + p. Calculate the remainder when d is divided by 8.
5
Suppose -2*q = -q, 3*x + 3*q - 54 = 0. Calculate the remainder when x/(-30) - (-156)/10 is divided by 4.
3
Suppose 2*c = -5*f + 32, 4*c + 5*f = 5*c + 14. Suppose c = 2*q - 4. Calculate the remainder when 42 is divided by q.
2
Suppose 0 = 3*a + 3*d - 15, -2*d + 10 = 4*a - 0*a. Let l be (-3 - a)/((-3)/3). Suppose 16 = -l*k + 37. Calculate the remainder when k is divided by 3.
1
Let o = 751 + -725. Calculate the remainder when 204 is divided by o.
22
Let f(x) = 2*x**2 + 6*x - 7. What is the remainder when f